c77118?
-2c77114
In base 10, what is -89942 - -51?
-89891
In base 8, what is 564772073 + -4?
564772067
In base 5, what is -2021341 + 14?
-2021322
In base 7, what is 30115 + -5011?
22104
In base 10, what is 10599786 - 4?
10599782
In base 5, what is -1304 + -4103331?
-4110140
In base 10, what is -5 - 2316513?
-2316518
In base 2, what is 100110101010000111010111011111 + -1?
100110101010000111010111011110
In base 14, what is -15085d - -22?
-15083b
In base 2, what is 111 - 1010110101000000110110100?
-1010110101000000110101101
In base 10, what is -5 - 573415?
-573420
In base 10, what is 7084224 - 4?
7084220
In base 12, what is -26 + 5847850?
5847826
In base 10, what is -4 - -319299620?
319299616
In base 16, what is dc - -16b0f?
16beb
In base 2, what is -100110111110010 - 11011010?
-100111011001100
In base 4, what is 2 - -332030233010?
332030233012
In base 15, what is -334e4 - e?
-33503
In base 11, what is -1a5605 - -55?
-1a5560
In base 15, what is 121 - -80ee?
8220
In base 8, what is -1060 + 1116215?
1115135
In base 4, what is -333111 - 1110321322?
-1111321033
In base 6, what is 143424405 - 224?
143424141
In base 15, what is -647641 + -4?
-647645
In base 2, what is 110010000100100 - 10100100111001?
11101011101011
In base 16, what is -13d639eb - 5?
-13d639f0
In base 9, what is -23572 - 11108?
-34681
In base 13, what is -3857 + 1500?
-2357
In base 10, what is -6524261 - -5?
-6524256
In base 2, what is -111010001010 + -1110101010010?
-10101111011100
In base 3, what is -10022 + 12121210010?
12121122211
In base 13, what is -caa4b + b1?
-ca96a
In base 3, what is 1101 + -12012121110211?
-12012121102110
In base 10, what is -9 - 31318395?
-31318404
In base 11, what is 40614 - 51?
40573
In base 6, what is -5 + -150432353?
-150432402
In base 16, what is 282 - d1ba?
-cf38
In base 9, what is -2660 - 6664?
-10434
In base 7, what is -114 + -111235?
-111352
In base 10, what is 32 - 63424?
-63392
In base 5, what is -14203224014 - 4?
-14203224023
In base 4, what is -10 + 110020133122?
110020133112
In base 7, what is -160 - 4453240?
-4453430
In base 11, what is 2 - -35886?
35888
In base 7, what is 40 - -3115256?
3115326
In base 10, what is 2 - -7233032?
7233034
In base 16, what is 11a8e5 + -b?
11a8da
In base 6, what is -23 + -145245402?
-145245425
In base 7, what is 0 + 2233121453?
2233121453
In base 6, what is -20 - 43344125?
-43344145
In base 10, what is 0 - 2618461?
-2618461
In base 8, what is 131332724 - -2?
131332726
In base 14, what is -5096662 + 3?
-509665d
In base 14, what is 2742b85 - -12?
2742b97
In base 15, what is 68428a + 24?
6842ae
In base 9, what is -102172041 + 1?
-102172040
In base 4, what is 2103101 + 13123?
2122230
In base 10, what is 615253 + -451?
614802
In base 13, what is 22a492 + 104?
22a596
In base 10, what is -3670005 + 2?
-3670003
In base 10, what is -52509 - -81?
-52428
In base 3, what is -111020022101220220 + 0?
-111020022101220220
In base 6, what is -2101330021 - 44?
-2101330105
In base 16, what is -1e9e4 + 217?
-1e7cd
In base 14, what is 89a72 + -16?
89a5a
In base 9, what is 2887 - -20306?
23304
In base 2, what is 0 - -1000001100101101111100011?
1000001100101101111100011
In base 4, what is 12333322 + -20232?
12313030
In base 2, what is -101 - 110111101010010001110?
-110111101010010010011
In base 16, what is -2 - d5cb8?
-d5cba
In base 5, what is 24 + 1324334442?
1324340021
In base 14, what is a4c8 + -115?
a3b3
In base 12, what is 6 + -283a397?
-283a391
In base 14, what is 1008777 - -3?
100877a
In base 15, what is -28a2ce - 26?
-28a305
In base 6, what is -32 - -4041555?
4041523
In base 12, what is 10853 + -aa36?
1a19
In base 14, what is -6236d7 + -4?
-6236db
In base 6, what is 5141114201 + 0?
5141114201
In base 13, what is -71772 + -42?
-717b4
In base 16, what is -cc1 + 9eb?
-2d6
In base 6, what is 103253 - 500350?
-353053
In base 8, what is 4 - -175464736?
175464742
In base 11, what is 757a + 11a43?
19512
In base 10, what is -6 - -138590523?
138590517
In base 16, what is 13 - 28c77e?
-28c76b
In base 9, what is 235116121 + -4?
235116116
In base 6, what is 2423 - 20212055?
-20205232
In base 8, what is -172156065 + 5?
-172156060
In base 3, what is -100111001120002222 + -2?
-100111001120010001
In base 11, what is 9 + 41a7235?
41a7243
In base 6, what is -125413 + -334?
-130151
In base 11, what is -4899 - -6545?
1757
In base 7, what is -2 - 101563563?
-101563565
In base 4, what is 0 - 2001010020232?
-2001010020232
In base 6, what is 2524001 - -55411?
3023412
In base 9, what is 534778 + -128?
534650
In base 5, what is 11 - -101241112?
101241123
In base 15, what is 4 - -2ab11a?
2ab11e
In base 4, what is -30122 - -1302130?
1212002
In base 6, what is -340000 + -443?
-340443
In base 5, what is -301 + 100002341?
100002040
In base 5, what is 401044044321 - 4?
401044044312
In base 13, what is -6a - -6562b1?
656244
In base 11, what is 183384 + -15?
18336a
In base 6, what is -1141 - 1024222?
-1025403
In base 3, what is -11 + 2010202101220?
2010202101202
In base 11, what is -17a42931 + -5?
-17a42936
In base 16, what is -8823 - -2dc?
-8547
In base 8, what is -1 - 424740640?
-424740641
In base 6, what is -235031 - 210?
-235241
In base 5, what is -312003 - -112021?
-144432
In base 15, what is 227506 + -d?
2274e8
In base 3, what is 111211121020122 - -120?
111211121021012
In base 5, what is -1004001143 - 22?
-1004001220
In base 8, what is 46200 + 1341?
47541
In base 11, what is 34069a1 + -4?
3406998
In base 7, what is -5451 - 35?
-5516
In base 15, what is 27bbbc - -1c?
27bbd9
In base 8, what is 2 + -107074?
-107072
In base 6, what is 312 + 11341503?
11342215
In base 15, what is 122 + -a250?
-a12d
In base 9, what is 7 - -4531088?
4531106
In base 14, what is -8aa - 4871a?
-491c6
In base 16, what is -50dd186 + 4?
-50dd182
In base 7, what is -106 - 245650?
-246056
In base 3, what is -120212121021111102 + -12?
-120212121021111121
In base 6, what is -44 - -10010240?
10010152
In base 14, what is -3c8 + -c5b?
-1245
In base 12, what is 9407 - -829?
a034
In base 11, what is -27a02 - -48?
-27965
In base 11, what is -4 + -34228930?
-34228934
In base 3, what is 2012211120020 + -111?
2012211112202
In base 12, what is 13667002 + 1?
13667003
In base 13, what is -2 + -237c56?
-237c58
In base 11, what is -266 - -a4515?
a425a
In base 9, what is 354 + -24423?
-24058
In base 4, what is 2 + 1301313003221?
1301313003223
In base 16, what is 1ef - 15960?
-15771
In base 3, what is -1001 + 20012112020?
20012111012
In base 11, what is -180384461 + -5?
-180384466
In base 6, what is 45245 + -11235?
34010
In base 10, what is -3 + -1973935?
-1973938
In base 11, what is -19a6907 - 4?
-19a6910
In base 15, what is 5 - -e11055?
e1105a
In base 9, what is 1628182 - 768?
1627313
In base 3, what is 110010012210 + -110?
110010012100
In base 15, what is 8e926 - -26?
8e94c
In base 11, what is 7 + 633a05?
633a11
In base 3, what is 101 + -1200200100010101?
-1200200100010000
In base 5, what is -20303 + 12411011?
12340203
In base 6, what is 325021325 + 1?
325021330
In base 13, what is -12400 + a8a?
-11643
In base 9, what is 48865715 + 4?
48865720
In base 2, what is 1010100011101001100010 - -1?
1010100011101001100011
In base 5, what is -223402412 + -3?
-223402420
In base 9, what is -303 + 10580?
10276
In base 3, what is -20121110211220001 - 1?
-20121110211220002
In base 16, what is 50a2 - 4ce?
4bd4
In base 4, what is -1320 + 23132032021?
23132030101
In base 11, what is 41723471 + 1?
41723472
In base 7, what is -1 - -1150032251?
1150032250
In base 9, what is -3 - 1800044?
-1800047
In base 12, what is 9999422 + 2?
9999424
In base 7, what is -5622253615 - -1?
-5622253614
In base 4, what is -10303300222101 - -12?
-10303300222023
In base 2, what is -100011100010000010100110 + 10?
-100011100010000010100100
In base 10, what is -707 - -1104171?
1103464
In base 2, what is -1000110000011110010011110 + -1000?
-1000110000011110010100110
In base 9, what is 1060 + 21607?
22667
In base 7, what is -215431306 + 1?
-215431305
In base 12, what is 5 - 3515b91b?
-3515b916
In base 10, what is 1 - -94020218?
94020219
In base 15, what is -a7e - 133ee?
-13e7d
In base 12, what is -817 - -9846?
902b
In base 6, what is 154404524342 + 2?
154404524344
In base 9, what is -41063 + 10786?
-30166
In base 16, what is -57 - -e1b?
dc4
In 